{"id":36,"date":"2026-04-18T05:52:28","date_gmt":"2026-04-18T05:52:28","guid":{"rendered":"https:\/\/atlantis-coiffeur.ch\/?page_id=36"},"modified":"2026-04-18T05:52:28","modified_gmt":"2026-04-18T05:52:28","slug":"ueber-mich","status":"publish","type":"page","link":"https:\/\/atlantis-coiffeur.ch\/?page_id=36","title":{"rendered":"\u00dcber Mich"},"content":{"rendered":"\n<figure class=\"wp-block-image size-large\"><img loading=\"lazy\" decoding=\"async\" width=\"768\" height=\"1024\" src=\"https:\/\/atlantis-coiffeur.ch\/wp-content\/uploads\/2026\/04\/IMG_5920_klein-768x1024.jpeg\" alt=\"\" class=\"wp-image-20\" srcset=\"https:\/\/atlantis-coiffeur.ch\/wp-content\/uploads\/2026\/04\/IMG_5920_klein-768x1024.jpeg 768w, https:\/\/atlantis-coiffeur.ch\/wp-content\/uploads\/2026\/04\/IMG_5920_klein-225x300.jpeg 225w, https:\/\/atlantis-coiffeur.ch\/wp-content\/uploads\/2026\/04\/IMG_5920_klein-624x832.jpeg 624w, https:\/\/atlantis-coiffeur.ch\/wp-content\/uploads\/2026\/04\/IMG_5920_klein.jpeg 1024w\" sizes=\"auto, (max-width: 768px) 100vw, 768px\" \/><\/figure>\n\n\n\n<p>Mein Name ist Claudia Taurisano, ich bin Jahrgang 1966 und bin seit 1991 selbstst\u00e4ndig. Meine Erf\u00fcllung finde ich im gesunden Haar, welches mit Nat\u00fcrlichkeit, Sch\u00f6nheit und mit meinem Wissen und K\u00f6nnen unterst\u00fctzt wird\u2026<\/p>\n","protected":false},"excerpt":{"rendered":"<p>Mein Name ist Claudia Taurisano, ich bin Jahrgang 1966 und bin seit 1991 selbstst\u00e4ndig. Meine Erf\u00fcllung finde ich im gesunden Haar, welches mit Nat\u00fcrlichkeit, Sch\u00f6nheit und mit meinem Wissen und K\u00f6nnen unterst\u00fctzt wird\u2026<\/p>\n","protected":false},"author":1,"featured_media":0,"parent":0,"menu_order":0,"comment_status":"closed","ping_status":"closed","template":"","meta":{"footnotes":""},"class_list":["post-36","page","type-page","status-publish","hentry"],"yoast_head":"<!-- This site is optimized with the Yoast SEO plugin v27.4 - https:\/\/yoast.com\/product\/yoast-seo-wordpress\/ -->\n<title>\u00dcber Mich - Atlantis Coiffeur<\/title>\n<meta name=\"robots\" content=\"index, follow, max-snippet:-1, max-image-preview:large, max-video-preview:-1\" \/>\n<link rel=\"canonical\" href=\"https:\/\/atlantis-coiffeur.ch\/?page_id=36\" \/>\n<meta property=\"og:locale\" content=\"de_DE\" \/>\n<meta property=\"og:type\" content=\"article\" \/>\n<meta property=\"og:title\" content=\"\u00dcber Mich - Atlantis Coiffeur\" \/>\n<meta property=\"og:description\" content=\"Mein Name ist Claudia Taurisano, ich bin Jahrgang 1966 und bin seit 1991 selbstst\u00e4ndig. Meine Erf\u00fcllung finde ich im gesunden Haar, welches mit Nat\u00fcrlichkeit, Sch\u00f6nheit und mit meinem Wissen und K\u00f6nnen unterst\u00fctzt wird\u2026\" \/>\n<meta property=\"og:url\" content=\"https:\/\/atlantis-coiffeur.ch\/?page_id=36\" \/>\n<meta property=\"og:site_name\" content=\"Atlantis Coiffeur\" \/>\n<meta property=\"og:image\" content=\"https:\/\/atlantis-coiffeur.ch\/wp-content\/uploads\/2026\/04\/IMG_5920_klein.jpeg\" \/>\n\t<meta property=\"og:image:width\" content=\"1024\" \/>\n\t<meta property=\"og:image:height\" content=\"1365\" \/>\n\t<meta property=\"og:image:type\" content=\"image\/jpeg\" \/>\n<meta name=\"twitter:card\" content=\"summary_large_image\" \/>\n<script type=\"application\/ld+json\" class=\"yoast-schema-graph\">{\"@context\":\"https:\\\/\\\/schema.org\",\"@graph\":[{\"@type\":\"WebPage\",\"@id\":\"https:\\\/\\\/atlantis-coiffeur.ch\\\/?page_id=36\",\"url\":\"https:\\\/\\\/atlantis-coiffeur.ch\\\/?page_id=36\",\"name\":\"\u00dcber Mich - Atlantis Coiffeur\",\"isPartOf\":{\"@id\":\"https:\\\/\\\/atlantis-coiffeur.ch\\\/#website\"},\"primaryImageOfPage\":{\"@id\":\"https:\\\/\\\/atlantis-coiffeur.ch\\\/?page_id=36#primaryimage\"},\"image\":{\"@id\":\"https:\\\/\\\/atlantis-coiffeur.ch\\\/?page_id=36#primaryimage\"},\"thumbnailUrl\":\"https:\\\/\\\/atlantis-coiffeur.ch\\\/wp-content\\\/uploads\\\/2026\\\/04\\\/IMG_5920_klein-768x1024.jpeg\",\"datePublished\":\"2026-04-18T05:52:28+00:00\",\"breadcrumb\":{\"@id\":\"https:\\\/\\\/atlantis-coiffeur.ch\\\/?page_id=36#breadcrumb\"},\"inLanguage\":\"de-CH\",\"potentialAction\":[{\"@type\":\"ReadAction\",\"target\":[\"https:\\\/\\\/atlantis-coiffeur.ch\\\/?page_id=36\"]}]},{\"@type\":\"ImageObject\",\"inLanguage\":\"de-CH\",\"@id\":\"https:\\\/\\\/atlantis-coiffeur.ch\\\/?page_id=36#primaryimage\",\"url\":\"https:\\\/\\\/atlantis-coiffeur.ch\\\/wp-content\\\/uploads\\\/2026\\\/04\\\/IMG_5920_klein.jpeg\",\"contentUrl\":\"https:\\\/\\\/atlantis-coiffeur.ch\\\/wp-content\\\/uploads\\\/2026\\\/04\\\/IMG_5920_klein.jpeg\",\"width\":1024,\"height\":1365},{\"@type\":\"BreadcrumbList\",\"@id\":\"https:\\\/\\\/atlantis-coiffeur.ch\\\/?page_id=36#breadcrumb\",\"itemListElement\":[{\"@type\":\"ListItem\",\"position\":1,\"name\":\"Startseite\",\"item\":\"https:\\\/\\\/atlantis-coiffeur.ch\\\/\"},{\"@type\":\"ListItem\",\"position\":2,\"name\":\"\u00dcber Mich\"}]},{\"@type\":\"WebSite\",\"@id\":\"https:\\\/\\\/atlantis-coiffeur.ch\\\/#website\",\"url\":\"https:\\\/\\\/atlantis-coiffeur.ch\\\/\",\"name\":\"Atlantis Coiffeur\",\"description\":\"\",\"potentialAction\":[{\"@type\":\"SearchAction\",\"target\":{\"@type\":\"EntryPoint\",\"urlTemplate\":\"https:\\\/\\\/atlantis-coiffeur.ch\\\/?s={search_term_string}\"},\"query-input\":{\"@type\":\"PropertyValueSpecification\",\"valueRequired\":true,\"valueName\":\"search_term_string\"}}],\"inLanguage\":\"de-CH\"}]}<\/script>\n<!-- \/ Yoast SEO plugin. -->","yoast_head_json":{"title":"\u00dcber Mich - Atlantis Coiffeur","robots":{"index":"index","follow":"follow","max-snippet":"max-snippet:-1","max-image-preview":"max-image-preview:large","max-video-preview":"max-video-preview:-1"},"canonical":"https:\/\/atlantis-coiffeur.ch\/?page_id=36","og_locale":"de_DE","og_type":"article","og_title":"\u00dcber Mich - Atlantis Coiffeur","og_description":"Mein Name ist Claudia Taurisano, ich bin Jahrgang 1966 und bin seit 1991 selbstst\u00e4ndig. Meine Erf\u00fcllung finde ich im gesunden Haar, welches mit Nat\u00fcrlichkeit, Sch\u00f6nheit und mit meinem Wissen und K\u00f6nnen unterst\u00fctzt wird\u2026","og_url":"https:\/\/atlantis-coiffeur.ch\/?page_id=36","og_site_name":"Atlantis Coiffeur","og_image":[{"width":1024,"height":1365,"url":"https:\/\/atlantis-coiffeur.ch\/wp-content\/uploads\/2026\/04\/IMG_5920_klein.jpeg","type":"image\/jpeg"}],"twitter_card":"summary_large_image","schema":{"@context":"https:\/\/schema.org","@graph":[{"@type":"WebPage","@id":"https:\/\/atlantis-coiffeur.ch\/?page_id=36","url":"https:\/\/atlantis-coiffeur.ch\/?page_id=36","name":"\u00dcber Mich - Atlantis Coiffeur","isPartOf":{"@id":"https:\/\/atlantis-coiffeur.ch\/#website"},"primaryImageOfPage":{"@id":"https:\/\/atlantis-coiffeur.ch\/?page_id=36#primaryimage"},"image":{"@id":"https:\/\/atlantis-coiffeur.ch\/?page_id=36#primaryimage"},"thumbnailUrl":"https:\/\/atlantis-coiffeur.ch\/wp-content\/uploads\/2026\/04\/IMG_5920_klein-768x1024.jpeg","datePublished":"2026-04-18T05:52:28+00:00","breadcrumb":{"@id":"https:\/\/atlantis-coiffeur.ch\/?page_id=36#breadcrumb"},"inLanguage":"de-CH","potentialAction":[{"@type":"ReadAction","target":["https:\/\/atlantis-coiffeur.ch\/?page_id=36"]}]},{"@type":"ImageObject","inLanguage":"de-CH","@id":"https:\/\/atlantis-coiffeur.ch\/?page_id=36#primaryimage","url":"https:\/\/atlantis-coiffeur.ch\/wp-content\/uploads\/2026\/04\/IMG_5920_klein.jpeg","contentUrl":"https:\/\/atlantis-coiffeur.ch\/wp-content\/uploads\/2026\/04\/IMG_5920_klein.jpeg","width":1024,"height":1365},{"@type":"BreadcrumbList","@id":"https:\/\/atlantis-coiffeur.ch\/?page_id=36#breadcrumb","itemListElement":[{"@type":"ListItem","position":1,"name":"Startseite","item":"https:\/\/atlantis-coiffeur.ch\/"},{"@type":"ListItem","position":2,"name":"\u00dcber Mich"}]},{"@type":"WebSite","@id":"https:\/\/atlantis-coiffeur.ch\/#website","url":"https:\/\/atlantis-coiffeur.ch\/","name":"Atlantis Coiffeur","description":"","potentialAction":[{"@type":"SearchAction","target":{"@type":"EntryPoint","urlTemplate":"https:\/\/atlantis-coiffeur.ch\/?s={search_term_string}"},"query-input":{"@type":"PropertyValueSpecification","valueRequired":true,"valueName":"search_term_string"}}],"inLanguage":"de-CH"}]}},"_links":{"self":[{"href":"https:\/\/atlantis-coiffeur.ch\/index.php?rest_route=\/wp\/v2\/pages\/36","targetHints":{"allow":["GET"]}}],"collection":[{"href":"https:\/\/atlantis-coiffeur.ch\/index.php?rest_route=\/wp\/v2\/pages"}],"about":[{"href":"https:\/\/atlantis-coiffeur.ch\/index.php?rest_route=\/wp\/v2\/types\/page"}],"author":[{"embeddable":true,"href":"https:\/\/atlantis-coiffeur.ch\/index.php?rest_route=\/wp\/v2\/users\/1"}],"replies":[{"embeddable":true,"href":"https:\/\/atlantis-coiffeur.ch\/index.php?rest_route=%2Fwp%2Fv2%2Fcomments&post=36"}],"version-history":[{"count":1,"href":"https:\/\/atlantis-coiffeur.ch\/index.php?rest_route=\/wp\/v2\/pages\/36\/revisions"}],"predecessor-version":[{"id":37,"href":"https:\/\/atlantis-coiffeur.ch\/index.php?rest_route=\/wp\/v2\/pages\/36\/revisions\/37"}],"wp:attachment":[{"href":"https:\/\/atlantis-coiffeur.ch\/index.php?rest_route=%2Fwp%2Fv2%2Fmedia&parent=36"}],"curies":[{"name":"wp","href":"https:\/\/api.w.org\/{rel}","templated":true}]}}